9. What are the prime factors of (-6)/(-16) + (-4 - (-21608)/y)?
2, 167
Let p be 36*(12/(-8) - -2). Let c be 2/(-2) - 12*-1*p. Suppose -9*b = -325 - c. List the prime factors of b.
2, 3, 5
List the prime factors of 4 + 25788/(-16)*(1 - 5).
6451
Let v = 37103 + -22543. What are the prime factors of v?
2, 5, 7, 13
Let p(r) = 110*r + 1. Suppose 4*v + 288 = -0*v. Let c = -71 - v. List the prime factors of p(c).
3, 37
Let h = -242 - -245. Suppose -h*s + 3997 = -4*m, 5*s = 9*m - 7*m + 6657. What are the prime factors of s?
11
Let c be (-16)/(-56) + (-5)/(140/(-48)). Suppose -5*p - 4*r + 3559 = -c*p, -4*p = 4*r - 4740. What are the prime factors of p?
1181
Suppose 2*h + 32 = 4*f, -5*f - 3*h + 33 = -2*h. Suppose f*d - 9656 = -2684. List the prime factors of d.
2, 3, 83
Let l = 51 - 42. Suppose 29 = -3*k + 4*b - l*b, 3*k - 3*b + 21 = 0. List the prime factors of k/(-12)*(-2 - -179).
2, 59
Let z = 189 + -99. Suppose -z = -2*s - 2*t, -2*s + 7*s - 240 = -2*t. What are the prime factors of s?
2, 5
What are the prime factors of 7969 + (35 - 39 - (0 - 0))?
3, 5, 59
Let y = 52 + -52. Let h be -1*(y + -3) - (-6 - -4). Suppose h*x = 5, 4*x = m + 8*x - 71. What are the prime factors of m?
67
Let o = 862 + -855. Let p(r) = 22*r**2 - 11*r + 1. What are the prime factors of p(o)?
2, 3, 167
Suppose -2*n + 88640 = 14*n. What are the prime factors of n?
2, 5, 277
What are the prime factors of (-12)/27 - 30/(-20)*(-3184428)/(-162)?
5, 5897
Suppose -246*m = -222*m - 792. Suppose -h = 3*g - 4, 2*h + 16 + 3 = 3*g. What are the prime factors of g/m*2 + (-724)/(-11)?
2, 3, 11
Let s be (3 + 1)*5/4. Let g be ((-20)/s)/(-8)*18. Suppose -g*n + 10*n - 103 = 0. What are the prime factors of n?
103
Suppose 3*d = 5*p + 234290, -13*d + 5*p = -15*d + 156160. List the prime factors of d.
2, 3, 5, 19, 137
Let z(s) = -s**2 + 15*s - 4. Let n be z(11). Let k = n + -40. Let m(t) = -t**3 - 2*t + 22. What are the prime factors of m(k)?
2, 11
Suppose -10*j = -206 + 176. Suppose -13*l - j*l = -13152. List the prime factors of l.
2, 3, 137
Suppose 123*a + 701056 = 169*a - 608518. List the prime factors of a.
7, 83
Suppose -47*z + 2895026 = 79*z - 3572050. What are the prime factors of z?
2, 11, 2333
Let d = -37 - -39. Let x(s) = -7*s - d + 2*s + 3*s**2 - 13*s. List the prime factors of x(10).
2, 59
Let c be -1*(-1 + 1)/2. Suppose 0 = 4*g + 5*y - 991, 4*y + c = -4. What are the prime factors of g?
3, 83
Let u(f) = f**3 - 27*f**2 + 190*f - 111. What are the prime factors of u(35)?
16339
Let k(x) = x - 1. Let m(d) be the first derivative of 17*d**2 - 40*d + 9. Let f(w) = -44*k(w) + 2*m(w). What are the prime factors of f(8)?
2, 3, 13
Let h = 933 + -925. List the prime factors of (1593/2)/(h - (-116)/(-16)).
2, 3, 59
Let q = -20 + 69. Suppose q = 5*p - 61. Suppose 0 = -s + 143 - p. List the prime factors of s.
11
Let w = 318 + -320. Let s(m) = -3*m**2 - 2*m - 3. Let v(f) = -10*f**2 - 6*f - 8. Let y(j) = 17*s(j) - 6*v(j). What are the prime factors of y(w)?
29
Let x = -8186 + 11688. What are the prime factors of x?
2, 17, 103
Suppose -32325 = -5*j - 5*r, -2*r + 25850 = -38*j + 42*j. What are the prime factors of j?
2, 5, 17, 19
Let r be 5 - ((-23)/(-46) + (-19)/(-2)). List the prime factors of ((-84)/(-42))/((r/(-138))/5).
2, 3, 23
Let l(d) = -d**3 + 12*d**2 + 13*d + 12. Let j be l(14). Let v = 0 - j. Let u = -100 + v. What are the prime factors of u?
2, 7
Let s = -235 - -240. Suppose -6*m = -4*b - 2864, -s*b - 494 = -m - b. List the prime factors of m.
2, 3, 79
Let o(h) = 2*h**3 - 8*h**2 + 28*h - 85. Let b be o(6). Suppose b = -20*p + 827. List the prime factors of p.
2, 3, 5
Let x(p) = -p + 24. Let u be x(21). Let k(b) = 8 - u - 3*b + 9 - 2. List the prime factors of k(-17).
3, 7
Let r be (0 + 20)/(2*7/693). Let i = -237 + r. What are the prime factors of i?
3, 251
Let d be ((-26)/39)/(2*(-2)/4680). Suppose -42*r + d = -38*r. List the prime factors of r.
3, 5, 13
Let s(j) = j**3 + 9*j**2 + 12*j + 41. Let v be s(-8). List the prime factors of (-563 + 4)/((-1)/v*3).
3, 13, 43
Let m be 226 - (-33)/(-44)*-4*1. Let g = m + -156. What are the prime factors of g?
73
Let d(n) = -n**2 - 15*n + 157. Let l be d(-22). Suppose 5*p + a + 2*a = 1820, -l*p = 4*a - 1103. List the prime factors of p.
19
Let r(z) = 550*z**2 - 381*z + 3748. List the prime factors of r(10).
2, 13, 2113
Let m = -490 + 302. Let s = m - -595. List the prime factors of s.
11, 37
Suppose 3*f - 2349 = -r + 222, -10182 = -4*r + 5*f. What are the prime factors of r?
3, 23, 37
Suppose -3*w + 43634 = -n, 2*w - 79*n = -83*n + 29094. List the prime factors of w.
5, 2909
Let h be 20/(-15)*(-3 + (-15)/(-2)). Let t be ((h - -4)*2)/(1/(-3)). List the prime factors of 24/((-8)/((-128)/t)).
2
Suppose 13*t = 6*t - 63. Let z(c) = c + 5. Let n be z(t). List the prime factors of (2/n)/(23/(-1334)).
29
Suppose -6*j + 3*j = -4*a - 4, 0 = -2*j + 4*a. Let h = j - -6. Suppose 5*q - 350 = -2*i, 0 = 5*i + h - 35. What are the prime factors of q?
2, 17
Suppose -15 = 12*x - 15*x. Suppose 3 = 4*v + x*s, 11 - 2 = 5*v + s. Suppose v*y + 219 = 5*y. List the prime factors of y.
73
List the prime factors of 18/(((-270)/(-4575))/18).
2, 3, 5, 61
What are the prime factors of (-27696)/10*(-45)/12?
2, 3, 577
Let g = -295 - -241. What are the prime factors of 1821/18 - (-9)/g?
101
Suppose 68850 = -28*d + 193842. What are the prime factors of d?
2, 3, 31
Suppose 0 = 4*c - 5*g - 11266, 3*c - 3*g - 193 = 8255. Suppose 6*f = 12*f - c. What are the prime factors of f?
7, 67
Let p = 281 + -430. Let t = p + 160. List the prime factors of t.
11
List the prime factors of (12 - 0) + 46368 + 111.
3, 15497
Let d(c) = 561*c**2 - 33*c + 53. What are the prime factors of d(-5)?
14243
Let u = -14 - -14. Suppose 5*o - 927 - 1518 = u. What are the prime factors of o?
3, 163
Let j be ((-2)/(-2) - -2) + 1. Let g(y) = -y**3 - 57*y**2 - 310*y - 198. Let l be g(-51). What are the prime factors of 42/(-18)*(j*l)/(-2)?
2, 7
Suppose 5*q = -r - r - 2848, 0 = 3*r - 3. List the prime factors of 2/(1128/q + 2).
5, 19
Let f(w) = -11*w**2 + 245*w + 42. Let o be f(23). Let z(q) = 194*q**3 + q**2 - 1. Let j be z(-1). Let u = o - j. List the prime factors of u.
2, 13
Let s be 69/(4/8 - -1). Let k = 779 + s. List the prime factors of k.
3, 5, 11
Let p = 50 - -36. Let j = 638 - p. Suppose -4*d = -3*d + l - 135, -4*d - l = -j. List the prime factors of d.
139
Suppose 2*m + 5*i = 2*i - 79, 0 = -2*m + 2*i - 64. Let n = 38 + m. Let d(f) = 2*f**2 - 10. List the prime factors of d(n).
2
Let v(k) = k + 1. Let u be v(3). Let m be -5 + (-17)/(119/(-63)). Suppose 5*j + u*p = 348, 6*p - p + 262 = m*j. List the prime factors of j.
2, 17
List the prime factors of 1/(73/69824*3826 + (47 - 51)).
2, 1091
Let l(i) = 3*i + 11*i - 9*i + 6 + 20 + 6*i**2. What are the prime factors of l(-5)?
151
What are the prime factors of (-4 + 46856/(-40))/(9/(-390))?
2, 3, 13, 653
Let m(y) = 87*y**3 - 3*y**2 - 4*y - 14. Let b(s) = -s**2 - s - 2. Let o(i) = 6*b(i) - m(i). List the prime factors of o(-2).
2, 3, 5, 23
List the prime factors of -20 - (-56)/4 - -53409.
3, 7, 2543
Let t(b) = 81*b**3 - 6*b**2 - 253*b + 2100. What are the prime factors of t(8)?
2, 41, 251
Suppose 9*p - 13*p + 604 = 0. Let d = -126 + p. What are the prime factors of d?
5
Suppose -13*f + 60 = 8. Suppose 0 = -g - m + 48, 4*g - 110 = f*m + 42. What are the prime factors of g?
43
Suppose -128*m + 124*m - 5*o + 239480 = 0, m = -4*o + 59848. List the prime factors of m.
2, 3, 5, 499
Let l(s) = 6*s**3 - 6*s**2 + 14*s + 24. Let h be l(7). Let u = h - 457. List the prime factors of u.
1429
Suppose -26*s + 256497 = 21*s - 129843. List the prime factors of s.
2, 3, 5, 137
Suppose 321 + 289 = -5*c. Let j be c/10 + (-88)/110. Let t = j - -41. What are the prime factors of t?
2, 7
What are the prime factors of (0 - 69/9)/((-7)/6069)?
17, 23
Let b(y) be the second derivative of 145*y**4/4 - 9*y**3/2 - 51*y**2/2 - 220*y. List the prime factors of b(-2).
3, 7, 83
Suppose -13*q + 877 = 71. Let s = -47 + q. List the prime factors of s.
3, 5
Suppose 0 = 61*s - 723707 - 588403. List the prime factors of s.
2, 3, 5, 239
Let r(n) = n**3 + 6*n**2 + 37*n - 217. What are the prime factors of r(8)?
3, 5, 13
Suppose -v - 11 = -5*z, -2*z + 7 = -z - 5*v. Let o(c) be the second derivative of c*